{"id":105,"date":"2020-04-30T10:04:20","date_gmt":"2020-04-30T09:04:20","guid":{"rendered":"https:\/\/wendelhof.ch\/shop\/?post_type=product&#038;p=105"},"modified":"2020-08-31T15:47:25","modified_gmt":"2020-08-31T14:47:25","slug":"business","status":"publish","type":"product","link":"https:\/\/wendelhof.ch\/shop\/produkt\/business\/","title":{"rendered":"Lamaleder Businessg\u00fcrtel"},"content":{"rendered":"<p>Unseren Businessg\u00fcrtel k\u00f6nnen Sie mit eleganter Kleidungshose<br \/>\noder gew\u00f6hnlicher Jeans kombinieren.<\/p>\n","protected":false},"excerpt":{"rendered":"<p>Breite = 35 mm<br \/>\nL\u00e4nge = individuell w\u00e4hlbar<\/p>\n<p>Lamaleder aus Eigenproduktion,<br \/>\nin der Schweiz gegerbt und verarbeitet.<\/p>\n<p>&nbsp;<\/p>\n","protected":false},"featured_media":423,"template":"","meta":[],"product_brand":[],"product_cat":[20],"product_tag":[],"class_list":{"0":"post-105","1":"product","2":"type-product","3":"status-publish","4":"has-post-thumbnail","6":"product_cat-lamaleder-fell","8":"first","9":"instock","10":"taxable","11":"shipping-taxable","12":"purchasable","13":"product-type-variable"},"_links":{"self":[{"href":"https:\/\/wendelhof.ch\/shop\/wp-json\/wp\/v2\/product\/105","targetHints":{"allow":["GET"]}}],"collection":[{"href":"https:\/\/wendelhof.ch\/shop\/wp-json\/wp\/v2\/product"}],"about":[{"href":"https:\/\/wendelhof.ch\/shop\/wp-json\/wp\/v2\/types\/product"}],"wp:featuredmedia":[{"embeddable":true,"href":"https:\/\/wendelhof.ch\/shop\/wp-json\/wp\/v2\/media\/423"}],"wp:attachment":[{"href":"https:\/\/wendelhof.ch\/shop\/wp-json\/wp\/v2\/media?parent=105"}],"wp:term":[{"taxonomy":"product_brand","embeddable":true,"href":"https:\/\/wendelhof.ch\/shop\/wp-json\/wp\/v2\/product_brand?post=105"},{"taxonomy":"product_cat","embeddable":true,"href":"https:\/\/wendelhof.ch\/shop\/wp-json\/wp\/v2\/product_cat?post=105"},{"taxonomy":"product_tag","embeddable":true,"href":"https:\/\/wendelhof.ch\/shop\/wp-json\/wp\/v2\/product_tag?post=105"}],"curies":[{"name":"wp","href":"https:\/\/api.w.org\/{rel}","templated":true}]}}